 What is the highest common divisor of 12 and q?
12
Let m(z) = z**3 + z + 165. Let x be m(0). Calculate the greatest common factor of 715 and x.
55
Let f(x) = 2*x**2 + 2*x + 1. Let q be f(-2). Suppose 20 = 4*n, -3*n + q*n = -2*m + 244. Let i = -21 + 34. Calculate the highest common divisor of m and i.
13
Suppose 4*q = -20, -2*q = l + q - 5. Let u be -3*l*(-4)/6. Calculate the highest common factor of 320 and u.
40
Let i(s) = -s**2 - 29*s - 148. Let l be i(-12). What is the highest common factor of 104 and l?
8
Suppose -2*d - 9 = -3, -m + 5*d = -13. Let h be (m - 1) + -1*12/(-3). Calculate the highest common divisor of 1 and h.
1
Let q(f) = f + 3. Let b be q(-3). Suppose 5*r - 3*s + 1 = 3, 3*r - 3*s - 6 = b. Let k be (16/(-24))/(r/57). Calculate the greatest common factor of 171 and k.
19
Let x = 0 + 1. Let g = 1197 - 1177. Let n be (1 - 0)/(x/g). Calculate the highest common divisor of 40 and n.
20
Suppose 0 = -4*r, -24 = -2*w + 2*r - 0*r. Let n be 44 + -3 + w/4. Let g be 6/(-4)*(-16)/6. Calculate the greatest common factor of n and g.
4
Let z(v) = 6*v - 5. Let o be z(-3). Let x = o + 38. What is the highest common factor of x and 15?
15
Suppose 108 = 6*x - 4*x - 4*t, 5*t = 4*x - 216. What is the highest common factor of x and 774?
18
Suppose -960 = 6*j - 26*j. Calculate the greatest common divisor of j and 168.
24
Let y(n) = n**2 + 7*n + 35. Let u be y(-9). Let q = -39 + u. Let f = 162 - 8. What is the highest common divisor of f and q?
14
Suppose 4*r + 4*j = 976 + 40, -5*r = 3*j - 1274. What is the greatest common divisor of r and 16?
16
Let l(c) = 52*c - 416. Let o be l(10). What is the highest common factor of 52 and o?
52
Let y be 9 + (6 - 1 - 1). Let r(h) be the second derivative of 3*h**4/4 - 3*h**2/2 + h. Let x be r(-3). What is the highest common factor of x and y?
13
Suppose 7 = 2*p - 3. Suppose -u - 5*k = u - 239, 580 = p*u - 5*k. Calculate the highest common divisor of u and 9.
9
Let w = 1172 - 1042. What is the highest common divisor of 10 and w?
10
Let y be 1*(0 + (6 - 1)). Suppose 6*n - 4*m = y*n + 88, -n + 5*m = -86. What is the greatest common divisor of 32 and n?
32
Suppose 6*d + 16*d - 154 = 0. Calculate the greatest common divisor of d and 63.
7
Let t(r) = r**2 - 6*r + 3. Let m be t(5). Let f be ((-48)/4)/(3/m). What is the highest common factor of 2 and f?
2
Let d(g) = -6 + 18*g + g**3 - 7 - 9*g**2 + 1 - 8. Let p be d(8). Calculate the greatest common factor of p and 6.
6
Suppose 0 = 4*l - 48 - 92. Let i(p) = -3*p - 50. Let f be i(-10). Let c be 3 + f/15*-129. Calculate the greatest common divisor of c and l.
35
Let q be 4*(2 - 9/(-2)). Suppose 4*u = 3*u + 182. Calculate the greatest common divisor of u and q.
26
Suppose -r = 3*r - 0*r. Let j be 10/3*(12/5 - r). What is the highest common factor of j and 16?
8
Suppose 0 = 5*n - 0 + 45. Let q = 54 + n. What is the greatest common divisor of 9 and q?
9
Suppose -3*a - 85 = -2*z, 5*a = 4*z - 0*z - 165. Suppose -6*h = -3*h - 525. What is the highest common factor of z and h?
35
Suppose 2868 = 131*f - 125*f. Calculate the greatest common factor of f and 2.
2
Suppose 162 = 2*s + 3*u - u, -4*s + 3*u = -296. Let v = 113 - s. Calculate the highest common divisor of v and 288.
36
Suppose -3692 = 72*i - 76*i. What is the greatest common divisor of i and 13?
13
Let j be 28/(-112) - (1337/(-4) + 1). Suppose q + w + 210 = 4*q, -5*q = 4*w - j. What is the greatest common factor of 92 and q?
23
Let j = -14 + 23. Let f = j + -6. Suppose -f*g = -2*g - 55. Calculate the highest common divisor of 22 and g.
11
Let v = -14 - -21. Let u = v + 2. Let k = -4 + u. What is the greatest common factor of 10 and k?
5
Let l(a) = -a**2 + 1. Let y be l(-2). Let q = y + 10. Let o = -3273 - -3287. What is the highest common factor of q and o?
7
Suppose 62*f - 2640 = 18*f. What is the highest common divisor of f and 135?
15
Let r be 5 + 16 - 77/(-11). Calculate the greatest common factor of r and 126.
14
Let s(a) = -a**2 - 14*a + 77. Let o be s(-18). Calculate the highest common factor of 160 and o.
5
Let y = 527 + -98. Suppose 0 = 3*i - 0*i - y. Let n(z) = -4*z - 7. Let t be n(-5). Calculate the greatest common factor of t and i.
13
Let j be ((-6)/5)/((-24)/(-180)). Let a be (-10 - j)*-12*1. What is the highest common factor of 8 and a?
4
Let t(n) = 8*n**2 + n**3 - n**2 + 2*n + 4*n + 3. Let x be t(-6). Suppose 2*r + x = 3*r. Calculate the greatest common factor of r and 6.
3
Suppose 82*z = 83*z + 1. Let i be 12 - (-2 + z + 5). Calculate the highest common divisor of 170 and i.
10
Suppose -5*u + 43 - 3 = 0. Let x be 132/(-726) - (-1588)/22. What is the highest common factor of u and x?
8
Let p(y) = 3*y**2 + 9*y - 14. Let i be p(4). Calculate the highest common factor of i and 14.
14
Let n(u) = 4*u - 2. Let v be n(-2). Let l = 10 + v. Suppose 3*i - 68 = -i - 4*p, l = 4*i + 5*p - 72. Calculate the highest common divisor of i and 13.
13
Let w(y) = 7*y + 10*y**3 - 3*y**3 + 8*y**2 + 7 - 6*y**3 + 1. Let n be w(-7). Calculate the highest common factor of n and 72.
8
Let a be 125/9*-3 - 2/6. Let s = -36 - a. Suppose -5*g - 9 + 91 = 4*c, -c - 5*g + 28 = 0. Calculate the greatest common divisor of s and c.
6
Suppose 2*q = -2*q + 408. Let i = q - -60. Let b be -8 + 6 - (-20)/(2/2). Calculate the highest common divisor of b and i.
18
Let a(i) = 28*i + 2. Let s be a(-3). Let n(v) = -21*v + 10. Let f be n(-8). Let y = s + f. Calculate the highest common divisor of y and 32.
32
Suppose 5*r + 35 = 5*n, -r + 0 = 3*n - 17. Let c = 25 - 11. Suppose c = 4*h - 10. What is the highest common divisor of n and h?
6
Let i = -24 + -17. Let j = -38 - i. Calculate the highest common divisor of j and 24.
3
Let p be -30 - (3 - (-20)/(-5)). Let z = p - -95. Calculate the highest common divisor of z and 6.
6
Suppose 17*u = -28*u + 1485. Calculate the greatest common factor of 15 and u.
3
Let h = -213 + 246. What is the greatest common divisor of h and 176?
11
Let k(d) = 3*d**3 - 7*d**2 + 6*d - 33. Let s be k(4). What is the highest common factor of 2 and s?
1
Let l be 2*(2/(-3) + (-96)/(-36)). Suppose l*d = 1 + 7, -d = 2*j - 26. Calculate the highest common factor of 84 and j.
12
Suppose 9*i - 12*i + 36 = 0. Let p(f) = 7*f**2 + 3*f + 2. Let b be p(-2). Let w = 36 + b. What is the highest common factor of i and w?
12
Let q(g) = g**2 - 12*g - 8. Let h be q(13). Suppose -2*w = -3*w - 6. Let v be w - -27 - (0 - -1). Calculate the greatest common divisor of h and v.
5
Suppose 0 = -w - 1, -3*i + 665 = -w + 103. What is the greatest common divisor of i and 34?
17
Let t(i) = 4*i + 15. Let r be t(4). What is the greatest common factor of 837 and r?
31
Let f(w) be the first derivative of w**2 + 7*w + 4. Let m be f(0). What is the highest common divisor of m and 49?
7
Suppose 4*c + 805 = 4*z - 15, 2*c = -10. Calculate the greatest common divisor of z and 250.
50
Let m be 1008/18 + 4 + -4. Calculate the highest common divisor of m and 812.
28
Let x(y) = -y**3 + 2*y + 1. Let d be x(-1). Suppose 4*c - k - 32 = d, -1 = 2*k + 7. Calculate the highest common factor of 7 and c.
7
Let w(k) = -k**3 + 9*k**2 + 8*k + 10. Let t = -16 + 26. Let j be w(t). Let y = 14 + j. Calculate the highest common factor of y and 16.
4
Let k(j) = j**3 - 11*j**2 - 126*j + 34. Let b be k(18). What is the greatest common divisor of 68 and b?
34
Let d = 1914 - 1095. Calculate the highest common divisor of d and 182.
91
Let z(t) = -2*t**2 + 7*t + 1. Let u be z(3). Let g be u/(8/6 + 0). Calculate the greatest common divisor of g and 9.
3
Let t(s) = s**3 + 31*s**2 + 8*s - 278. Let j be t(-27). Calculate the greatest common divisor of j and 14.
14
Suppose -5*n - 2533 = -2923. What is the highest common divisor of 6 and n?
6
Let d = -8 - -31. Let l = 1309 - 1056. What is the highest common divisor of d and l?
23
Let g(z) = z**3 - 6*z**2 - 36*z - 10. Let x be g(10). Calculate the greatest common factor of 255 and x.
15
Let h = 48 - 46. Suppose 71 = 3*q - 5*g + 10*g, h*q - g = 69. What is the greatest common divisor of q and 80?
16
Let r be (291/388)/(1 - 850/856). Calculate the greatest common divisor of r and 3959.
107
Let c be (-658)/(-6) - ((-144)/27 - -5). What is the highest common divisor of 33 and c?
11
Suppose -69*h - 166 = -787. Let x = -7 + 10. Calculate the greatest common